, 4258339
What are the prime factors of 29734801?
43, 67, 10321
What are the prime factors of 107581756?
2, 71, 378809
What are the prime factors of 954802990?
2, 5, 449, 212651
What are the prime factors of 8015289442?
2, 3911, 1024711
List the prime factors of 59053621.
11, 107, 131, 383
List the prime factors of 13832392.
2, 7, 247007
List the prime factors of 5867258612.
2, 773, 1897561
What are the prime factors of 2264554476?
2, 3, 41, 511417
What are the prime factors of 408181874?
2, 23, 8873519
What are the prime factors of 3277587692?
2, 17, 89, 541571
List the prime factors of 86441550.
2, 3, 5, 13, 97, 457
What are the prime factors of 87792435?
3, 5, 599, 3257
List the prime factors of 4730528.
2, 11, 89, 151
What are the prime factors of 10910979?
3, 1212331
List the prime factors of 219273872.
2, 29, 472573
List the prime factors of 157022064.
2, 3, 17, 7127
What are the prime factors of 117510353?
2801, 41953
List the prime factors of 271337208.
2, 3, 11305717
List the prime factors of 1644212609.
13, 47, 2691019
List the prime factors of 97072088.
2, 12134011
List the prime factors of 2910149204.
2, 61, 11926841
List the prime factors of 1687180604.
2, 439, 960809
List the prime factors of 33791312.
2, 631, 3347
What are the prime factors of 4551861172?
2, 1137965293
What are the prime factors of 9036947?
9036947
List the prime factors of 180549011.
23, 37, 212161
List the prime factors of 4171707.
3, 463523
What are the prime factors of 1740224587?
31, 5801, 9677
What are the prime factors of 107899992?
2, 3, 23, 37, 587
What are the prime factors of 131375982?
2, 3, 149, 146953
What are the prime factors of 4140733?
4140733
List the prime factors of 4054616223.
3, 7, 4651, 41513
List the prime factors of 68044042.
2, 11, 991, 3121
List the prime factors of 48874903.
7, 11, 90677
What are the prime factors of 196381245?
3, 5, 19, 23, 29959
List the prime factors of 55346060.
2, 5, 7, 11, 83, 433
List the prime factors of 583193766.
2, 3, 47, 2068063
List the prime factors of 48682674.
2, 3, 19, 23, 2063
What are the prime factors of 51413411?
7, 19, 571, 677
List the prime factors of 2798659046.
2, 1399329523
What are the prime factors of 3337074486?
2, 3, 29, 6392863
List the prime factors of 31906299.
3, 2339, 4547
List the prime factors of 89537131.
3371, 26561
What are the prime factors of 82934466?
2, 3, 17, 813083
List the prime factors of 256336212.
2, 3, 11, 1941941
What are the prime factors of 6317087863?
1277, 4946819
List the prime factors of 129468940.
2, 5, 17, 103, 3697
What are the prime factors of 903111605?
5, 11, 127, 129293
What are the prime factors of 348293814?
2, 3, 11, 5277179
List the prime factors of 5030061886.
2, 113, 4127, 5393
What are the prime factors of 96641304?
2, 3, 4026721
What are the prime factors of 792698833?
792698833
List the prime factors of 28081431.
3, 7, 148579
What are the prime factors of 1398536519?
1398536519
List the prime factors of 1940635934.
2, 1009, 961663
List the prime factors of 173699829.
3, 17, 223, 1697
List the prime factors of 281040430.
2, 5, 11, 17, 137, 1097
What are the prime factors of 66058844?
2, 103, 223, 719
List the prime factors of 124646348.
2, 193, 161459
What are the prime factors of 199683823?
6217, 32119
What are the prime factors of 11533610?
2, 5, 11, 104851
What are the prime factors of 70813490?
2, 5, 11, 47, 13697
What are the prime factors of 131758314?
2, 3, 67, 327757
What are the prime factors of 106656436?
2, 17, 523, 2999
What are the prime factors of 25335939?
3, 1997, 4229
What are the prime factors of 4770419993?
491, 9715723
List the prime factors of 108792458.
2, 54396229
List the prime factors of 119485234.
2, 11, 41, 139, 953
What are the prime factors of 28429561?
353, 80537
What are the prime factors of 107966309?
11, 521, 18839
List the prime factors of 887243211.
3, 571, 172649
What are the prime factors of 713803675?
5, 13, 31, 70849
What are the prime factors of 98107366?
2, 7, 251, 27919
List the prime factors of 36598090.
2, 5, 53, 199, 347
What are the prime factors of 111164276?
2, 27791069
What are the prime factors of 3170057526?
2, 3, 2377, 24697
List the prime factors of 278070460.
2, 5, 23, 227, 2663
What are the prime factors of 2385742185?
3, 5, 211, 251263
What are the prime factors of 298185975?
3, 5, 29, 15233
What are the prime factors of 41032315?
5, 8206463
What are the prime factors of 14985162?
2, 3, 233, 397
List the prime factors of 2661143786.
2, 7, 41, 293, 15823
List the prime factors of 1693221.
3, 564407
What are the prime factors of 3331855948?
2, 103, 2399, 3371
What are the prime factors of 5503888?
2, 13, 47, 563
What are the prime factors of 291451559?
7, 47, 101, 179
List the prime factors of 724609529.
7, 103515647
What are the prime factors of 1096746205?
5, 739, 296819
List the prime factors of 277920190.
2, 5, 27792019
What are the prime factors of 2074358164?
2, 523, 991567
What are the prime factors of 1084132607?
29, 37383883
What are the prime factors of 419184463?
419184463
What are the prime factors of 116586806?
2, 7, 139, 181, 331
What are the prime factors of 3773316348?
2, 3, 461, 227363
What are the prime factors of 70210798?
2, 7, 29, 172933
List the prime factors of 744251458.
2, 372125729
List the prime factors of 610906771.
610906771
List the prime factors of 4061753146.
2, 11, 184625143
What are the prime factors of 678462076?
2, 29, 1229, 4759
List the prime factors of 454367251.
13, 53, 433, 1523
List the prime factors of 101491546.
2, 13, 509, 7669
List the prime factors of 202074575.
5, 37, 218459
List the prime factors of 705954820.
2, 5, 37, 283, 3371
List the prime factors of 4307648181.
3, 103, 3373, 4133
List the prime factors of 37333752.
2, 3, 1555573
List the prime factors of 66212702.
2, 33106351
What are the prime factors of 882196242?
2, 3, 147032707
What are the prime factors of 5945896185?
3, 5, 1231, 322009
List the prime factors of 161229720.
2, 3, 5, 37, 36313
List the prime factors of 222688858.
2, 7, 89, 313, 571
What are the prime factors of 36748887?
3, 7, 29, 60343
List the prime factors of 15989956.
2, 499, 8011
List the prime factors of 752440571.
752440571
What are the prime factors of 1473648144?
2, 3, 149, 206047
What are the prime factors of 47168041?
47168041
List the prime factors of 63831452.
2, 47, 163, 2083
List the prime factors of 943559442.
2, 3, 7, 832063
List the prime factors of 41597459.
6379, 6521
List the prime factors of 5158676863.
37, 139423699
What are the prime factors of 3187117923?
3, 11, 101, 956231
What are the prime factors of 6593070723?
3, 41, 1459, 36739
List the prime factors of 129146897.
11, 1213, 9679
List the prime factors of 2577780590.
2, 5, 7, 11, 3347767
List the prime factors of 3865728630.
2, 3, 5, 233, 553037
What are the prime factors of 7727239640?
2, 5, 79, 643, 3803
List the prime factors of 2614384.
2, 53, 3083
What are the prime factors of 288760120?
2, 5, 11, 656273
List the prime factors of 1422121859.
17, 41, 199, 10253
List the prime factors of 105649732.
2, 2381, 11093
List the prime factors of 32465247.
3, 71, 152419
List the prime factors of 379442854.
2, 7, 97, 279413
List the prime factors of 868829445.
3, 5, 11, 1213, 1447
What are the prime factors of 81480273?
3, 7, 1427, 2719
What are the prime factors of 147251673?
3, 2971, 5507
What are the prime factors of 455508508?
2, 7, 13, 19, 97
List the prime factors of 32690685.
3, 5, 29, 223, 337
What are the prime factors of 148581600?
2, 3, 5, 61909
What are the prime factors of 3835135618?
2, 37, 51826157
List the prime factors of 1385158710.
2, 3, 5, 13, 19, 53, 3527
List the prime factors of 51844926.
2, 3, 7, 379, 3257
List the prime factors of 115723705.
5, 739, 31319
List the prime factors of 1152587888.
2, 37, 1946939
List the prime factors of 194948075.
5, 7, 19, 58631
List the prime factors of 357888016.
2, 41, 163, 3347
What are the prime factors of 443335607?
11, 13, 19, 163171
List the prime factors of 339090143.
7, 17, 58153
What are the prime factors of 2108162121?
3, 13, 1499, 36061
What are the prime factors of 417560131?
19, 487, 45127
What are the prime factors of 965371527?
3, 31, 41, 9377
What are the prime facto